{"id":402,"date":"2023-12-26T19:49:08","date_gmt":"2023-12-26T17:49:08","guid":{"rendered":"https:\/\/blog.kraeutermeute.de\/?page_id=402"},"modified":"2025-05-08T14:39:20","modified_gmt":"2025-05-08T12:39:20","slug":"aktuelles","status":"publish","type":"page","link":"https:\/\/blog.kraeutermeute.de\/?page_id=402","title":{"rendered":"Aktuelle Termine"},"content":{"rendered":"\n<div class=\"wp-block-columns is-layout-flex wp-container-core-columns-is-layout-28f84493 wp-block-columns-is-layout-flex\">\n<div class=\"wp-block-column is-layout-flow wp-block-column-is-layout-flow\" style=\"flex-basis:33%\">\n<p>23.05.2025 | 17:00 &#8211; 18:30 Uhr<\/p>\n\n\n\n<p>27.05.2025 | 18:00 &#8211; 19:30 Uhr<\/p>\n\n\n\n<p>16.09.2025 | 18:00 &#8211; 19:30 Uhr<\/p>\n\n\n\n<p>24.09.2025 | 18:00 &#8211; 19:30 Uhr<\/p>\n\n\n\n<p><\/p>\n<\/div>\n\n\n\n<div class=\"wp-block-column is-layout-flow wp-block-column-is-layout-flow\">\n<p>\u00d6kologisch G\u00e4rtnern im Jahreslauf 5, Reiche Ernte &#8211; und jetzt?, <a href=\"https:\/\/veranstaltungen-stadtbibliothek-stuttgart.de\/?zweigstelle=NEU\">Stadtteilbibliothek Neugereut<\/a><\/p>\n\n\n\n<p>\u00d6kologisch G\u00e4rtnern im Jahreslauf 4, Kultur im Hochbeet, <a href=\"https:\/\/veranstaltungen-stadtbibliothek-stuttgart.de\/?zweigstelle=ZB&amp;zielgruppe=1\" target=\"_blank\" rel=\"noreferrer noopener\">Stadtbibliothek am Mail\u00e4nder Platz<\/a><\/p>\n\n\n\n<p>\u00d6kologisch G\u00e4rtnern im Jahreslauf 6, Saatgutgewinnung, <a href=\"https:\/\/veranstaltungen-stadtbibliothek-stuttgart.de\/?zweigstelle=ZB&amp;zielgruppe=1\" target=\"_blank\" rel=\"noreferrer noopener\">Stadtbibliothek am Mail\u00e4nder Platz<\/a><\/p>\n\n\n\n<p>\u00d6kologisch G\u00e4rtnern im Jahreslauf 6 , Saatgut &#8211; Schatz der G\u00e4rtnerinnen und Reiche Ernte, <a href=\"https:\/\/veranstaltungen-stadtbibliothek-stuttgart.de\/?zweigstelle=ZUF\" target=\"_blank\" rel=\"noreferrer noopener\">Stadtteilbibliothek Zuffenhausen<\/a><\/p>\n<\/div>\n<\/div>\n\n\n\n<p>Anmeldung jeweils beim Veranstalter<\/p>\n\n\n\n<p><\/p>\n\n\n\n<p class=\"has-text-align-center\">***<\/p>\n\n\n\n<p><\/p>\n\n\n\n<p class=\"has-text-align-center\">Vergangene Termine<\/p>\n\n\n\n<h2 class=\"wp-block-heading\">2025<\/h2>\n\n\n\n<div class=\"wp-block-columns is-layout-flex wp-container-core-columns-is-layout-28f84493 wp-block-columns-is-layout-flex\">\n<div class=\"wp-block-column is-layout-flow wp-block-column-is-layout-flow\">\n<p>24.01.2025 | 15:00 Uhr<\/p>\n\n\n\n<p>25.02.2025 | 18:00 &#8211; 19:30 Uhr<\/p>\n\n\n\n<p>01.04.2025 | 18:00 &#8211; 19:30 Uhr<\/p>\n\n\n\n<p>08.04.2025 | 17:30 &#8211; 19:00 Uhr<\/p>\n\n\n\n<p>05.05.2025 | 18:30 &#8211; 20:00 Uhr<\/p>\n\n\n\n<p><\/p>\n<\/div>\n\n\n\n<div class=\"wp-block-column is-layout-flow wp-block-column-is-layout-flow\">\n<p><strong>Feuerspa\u00df<\/strong>, <a href=\"https:\/\/www.hdf-stuttgart.de\/info-2\/wegbeschreibung\/\">Haus der Familie Stuttgart<\/a>, kostenfreies Angebot<\/p>\n\n\n\n<p>\u00d6kologisch G\u00e4rtnern im Jahreslauf 2, Auss\u00e4en, Vorziehen, Pikieren, <a href=\"https:\/\/veranstaltungen-stadtbibliothek-stuttgart.de\/?zweigstelle=ZUF\" target=\"_blank\" rel=\"noreferrer noopener\">Stadtbibliothek am Mail\u00e4nder Platz<\/a><\/p>\n\n\n\n<p>\u00d6kologisch G\u00e4rtnern im Jahreslauf 3, D\u00fcnger herstellen, <a href=\"https:\/\/veranstaltungen-stadtbibliothek-stuttgart.de\/?zweigstelle=ZB&amp;zielgruppe=1\" target=\"_blank\" rel=\"noreferrer noopener\">Stadtbibliothek am Mail\u00e4nder Platz<\/a><\/p>\n\n\n\n<p>\u00d6kologisch G\u00e4rtnern im Jahreslauf 1, Gestaltung und Planung, Stadtteilbibliothek Vaihingen<\/p>\n\n\n\n<p>\u00d6kologisch G\u00e4rtnern im Jahreslauf 3, D\u00fcnger herstellen, Stadtteilbibliothek Weilimdorf<\/p>\n<\/div>\n<\/div>\n\n\n\n<p><\/p>\n\n\n\n<h2 class=\"wp-block-heading\">2024<\/h2>\n\n\n\n<div class=\"wp-block-columns is-layout-flex wp-container-core-columns-is-layout-28f84493 wp-block-columns-is-layout-flex\">\n<div class=\"wp-block-column is-layout-flow wp-block-column-is-layout-flow\" style=\"flex-basis:33.33%\">\n<p>19.01.2024 \/ 15:00 -18:00 Uhr<\/p>\n\n\n\n<p>26.02. &#8211; 13.05.2024 \/ je Mo von 9:30 &#8211; 11:00 Uhr<\/p>\n\n\n\n<p>07.03.2024 \/ 18:00 &#8211; 19:30 Uhr<\/p>\n\n\n\n<p>21.03.2024 \/ 16:00 &#8211; 18:00 Uhr<\/p>\n\n\n\n<p>11.04.2024 \/ 18:00 &#8211; 19:30 Uhr<\/p>\n\n\n\n<p>18.04.2024 \/ 15:30 &#8211; 17:00 Uhr<\/p>\n\n\n\n<p>24.04.2024 \/ 18:00 &#8211; 19:30 Uhr<\/p>\n\n\n\n<p>16.05.2024 \/ 18:00 &#8211; 19:30 Uhr<\/p>\n\n\n\n<p>03.06. &#8211; 22.07.2024 \/ Mo 9:30 &#8211; 11:00 Uhr <\/p>\n\n\n\n<p>13.06.2024 \/ 18:00 &#8211; 19:30 Uhr<\/p>\n\n\n\n<p>Juni\/Juli 2024<\/p>\n\n\n\n<p>25.09.2024 | 19:00 &#8211; 20.30 Uhr<\/p>\n\n\n\n<p>26.09.2024 | 18:00 &#8211; 19.30 Uhr  <\/p>\n\n\n\n<p><\/p>\n<\/div>\n\n\n\n<div class=\"wp-block-column is-layout-flow wp-block-column-is-layout-flow\" style=\"flex-basis:66.66%\">\n<p><strong>Feuerspa\u00df<\/strong>, <a href=\"https:\/\/www.hdf-stuttgart.de\/info-2\/wegbeschreibung\/\">Haus der Familie Stuttgart<\/a>, kostenfreies Angebot<\/p>\n\n\n\n<p><strong>Wiesen- und Bachgruppe Fr\u00fchjahr<\/strong>, ab 1 Jahr, Familienbildungsst\u00e4tte Waiblingen<\/p>\n\n\n\n<p><strong>\u00d6kologisch G\u00e4rtnern im Jahreslauf &#8211; Teil 2<\/strong>, <a href=\"https:\/\/veranstaltungen-stadtbibliothek-stuttgart.de\/?zweigstelle=ZB&amp;zielgruppe=1\">Stadtbibliothek Stuttgart<\/a><\/p>\n\n\n\n<p><strong>Badekugeln selbst herstellen<\/strong>, ab 6 Jahre, <a href=\"https:\/\/www.schiller-vhs.de\/index.php\/lng\/de\/tpl\/47\/kurs\/24A733236\/kursdetail.html\">Schiller-Volkshochschule<\/a><\/p>\n\n\n\n<p><strong>\u00d6kologisch G\u00e4rtnern im Jahreslauf &#8211; Teil 3<\/strong>, <a href=\"https:\/\/veranstaltungen-stadtbibliothek-stuttgart.de\/?zweigstelle=ZB&amp;zielgruppe=1\">Stadtbibliothek Stuttgart<\/a><\/p>\n\n\n\n<p><strong>Zauberst\u00e4be schnitzen und gestalten<\/strong>, ab 8 Jahre, Familienbildungsst\u00e4tte Waiblingen<\/p>\n\n\n\n<p><strong>\u00d6kologisch G\u00e4rtnern im Jahreslauf &#8211; Teil 3<\/strong>, Stadtteilbibliothek Untert\u00fcrkheim<\/p>\n\n\n\n<p><strong>\u00d6kologisch G\u00e4rtnern im Jahreslauf &#8211; Teil 4<\/strong>, <a href=\"https:\/\/veranstaltungen-stadtbibliothek-stuttgart.de\/?zweigstelle=ZB&amp;zielgruppe=1\">Stadtbibliothek Stuttgart<\/a><\/p>\n\n\n\n<p><strong>Wiesen- und Bachgruppe Sommer<\/strong>, ab 1 Jahr, Familienbildungsst\u00e4tte Waiblingen<\/p>\n\n\n\n<p><strong>\u00d6kologisch G\u00e4rtnern im Jahreslauf &#8211; Teil 5<\/strong>, <a href=\"https:\/\/veranstaltungen-stadtbibliothek-stuttgart.de\/?zweigstelle=ZB&amp;zielgruppe=1\">Stadtbibliothek Stuttgar<\/a>t<\/p>\n\n\n\n<p>Bau und Bepflanzung Haus der Familie Stuttgart, verschiedene Termine<\/p>\n\n\n\n<p><strong>\u00d6kologisch G\u00e4rtnern im Jahreslauf &#8211; Teil 6<\/strong>, <a href=\"https:\/\/veranstaltungen-stadtbibliothek-stuttgart.de\/index.php?zielgruppe=1&amp;zweigstelle=WEI&amp;id=15777\" target=\"_blank\" rel=\"noreferrer noopener\">Stadtteilbibliothek Weilimdorf<\/a><\/p>\n\n\n\n<p><strong>\u00d6kologisch G\u00e4rtnern im Jahreslauf &#8211; Teil 6<\/strong>, <a href=\"https:\/\/veranstaltungen-stadtbibliothek-stuttgart.de\/index.php?zielgruppe=1&amp;zweigstelle=UNT&amp;id=15753\">Stadtteilbibliothek Untert\u00fcrkheim<\/a><\/p>\n\n\n\n<p><\/p>\n<\/div>\n<\/div>\n\n\n\n<p><\/p>\n","protected":false},"excerpt":{"rendered":"<p>23.05.2025 | 17:00 &#8211; 18:30 Uhr 27.05.2025 | 18:00 &#8211; 19:30 Uhr 16.09.2025 | 18:00 &#8211; 19:30 Uhr 24.09.2025 | 18:00 &#8211; 19:30 Uhr \u00d6kologisch G\u00e4rtnern im Jahreslauf 5, Reiche Ernte &#8211; und jetzt?, Stadtteilbibliothek Neugereut \u00d6kologisch G\u00e4rtnern im Jahreslauf 4, Kultur im Hochbeet, Stadtbibliothek am Mail\u00e4nder Platz \u00d6kologisch G\u00e4rtnern im Jahreslauf 6, Saatgutgewinnung, Stadtbibliothek &hellip;<\/p>\n<p class=\"read-more\"> <a class=\"\" href=\"https:\/\/blog.kraeutermeute.de\/?page_id=402\"> <span class=\"screen-reader-text\">Aktuelle Termine<\/span> Weiterlesen &raquo;<\/a><\/p>\n","protected":false},"author":2,"featured_media":474,"parent":0,"menu_order":0,"comment_status":"closed","ping_status":"closed","template":"","meta":{"site-sidebar-layout":"default","site-content-layout":"default","ast-global-header-display":"","ast-main-header-display":"","ast-hfb-above-header-display":"","ast-hfb-below-header-display":"","ast-hfb-mobile-header-display":"","site-post-title":"","ast-breadcrumbs-content":"","ast-featured-img":"","footer-sml-layout":"","theme-transparent-header-meta":"","adv-header-id-meta":"","stick-header-meta":"","header-above-stick-meta":"","header-main-stick-meta":"","header-below-stick-meta":"","footnotes":""},"class_list":["post-402","page","type-page","status-publish","has-post-thumbnail","hentry"],"_links":{"self":[{"href":"https:\/\/blog.kraeutermeute.de\/index.php?rest_route=\/wp\/v2\/pages\/402","targetHints":{"allow":["GET"]}}],"collection":[{"href":"https:\/\/blog.kraeutermeute.de\/index.php?rest_route=\/wp\/v2\/pages"}],"about":[{"href":"https:\/\/blog.kraeutermeute.de\/index.php?rest_route=\/wp\/v2\/types\/page"}],"author":[{"embeddable":true,"href":"https:\/\/blog.kraeutermeute.de\/index.php?rest_route=\/wp\/v2\/users\/2"}],"replies":[{"embeddable":true,"href":"https:\/\/blog.kraeutermeute.de\/index.php?rest_route=%2Fwp%2Fv2%2Fcomments&post=402"}],"version-history":[{"count":45,"href":"https:\/\/blog.kraeutermeute.de\/index.php?rest_route=\/wp\/v2\/pages\/402\/revisions"}],"predecessor-version":[{"id":496,"href":"https:\/\/blog.kraeutermeute.de\/index.php?rest_route=\/wp\/v2\/pages\/402\/revisions\/496"}],"wp:featuredmedia":[{"embeddable":true,"href":"https:\/\/blog.kraeutermeute.de\/index.php?rest_route=\/wp\/v2\/media\/474"}],"wp:attachment":[{"href":"https:\/\/blog.kraeutermeute.de\/index.php?rest_route=%2Fwp%2Fv2%2Fmedia&parent=402"}],"curies":[{"name":"wp","href":"https:\/\/api.w.org\/{rel}","templated":true}]}}